remainder when z(-9) is divided by k(a)?
2
Suppose 2*h = -4*o + 198, 5*h - 36 - 43 = -2*o. Calculate the remainder when o is divided by 4.
0
Let f(t) = 5*t - 4. Let p be f(5). Suppose p = 3*k - 21. Calculate the remainder when 24 is divided by k.
10
Let u(g) = 2*g**2 + 31*g - 136. Calculate the remainder when u(-21) is divided by 51.
44
Suppose 5*z - 4*l + l = 47, 4*z = -5*l + 8. Calculate the remainder when 30 is divided by z.
2
Let d be 2*-7*2/(-4). Let t be 1*d*(3 - 2). Suppose 25 = 2*w - t. Calculate the remainder when 47 is divided by w.
15
Suppose 4*y = -157 + 545. What is the remainder when y is divided by 14?
13
Let s(f) = f**2 - 4. Let q = -5 - -7. Suppose 3*i - 2*y = -q + 109, 3*i = 5*y + 110. Calculate the remainder when i is divided by s(4).
11
Let p = 334 - 207. Calculate the remainder when p is divided by 22.
17
Let r = 201 - 175. Let b(j) = 2*j**2 - 8*j + 13. Calculate the remainder when b(8) is divided by r.
25
Suppose 0*k = -k - 2*c, 3*k + 4*c = 6. Calculate the remainder when 39 is divided by k.
3
Suppose -7*d = -4*h - 4*d + 339, -5*h = d - 438. What is the remainder when h is divided by 42?
3
Suppose -44 = -2*u - 6. Let c = 690 + -660. Calculate the remainder when c is divided by u.
11
What is the remainder when ((-8 - -3) + -287)*4/(-4) is divided by 70?
12
Let p(s) = 3*s + 9. Let j be p(-6). Let u = j + 4. Let y(c) = -c**3 - 4*c**2 - 5. What is the remainder when 78 is divided by y(u)?
18
Suppose 234 + 126 = 9*l. Calculate the remainder when 111 is divided by l.
31
Suppose -103*n = -75*n - 1540. Calculate the remainder when 264 is divided by n.
44
Let f = -1086 + 1143. Calculate the remainder when 217 is divided by f.
46
Suppose -2*o + 32 = 3*q - 20, 3*q = 0. What is the remainder when (-153)/4*8/(-3) is divided by o?
24
Calculate the remainder when 38 is divided by (76/(-7))/(-2) + (-8)/(-14).
2
Suppose 47 = -6*z + 7*z. Let w = -36 + z. Calculate the remainder when (-2)/(6/(-129)) - 2 is divided by w.
8
Suppose 36 = -p - 5*l - 46, -350 = 5*p - 5*l. What is the remainder when 13 is divided by -1 + 1 + p/(-8)?
4
Let n = 170 + -117. Calculate the remainder when n is divided by (-24)/14*(34 - (-3596)/(-93)).
5
What is the remainder when ((-9296)/(-42))/((-8)/(-12)*1) is divided by 17?
9
Suppose -6*h + 5*h - 250 = -2*z, -2*z + 4*h = -256. Calculate the remainder when z is divided by 26.
20
Let k = -2124 + 2772. Calculate the remainder when k is divided by 41.
33
Let t = -381 - -174. Calculate the remainder when 4/(-18) + (-13087)/t is divided by 22.
19
Let l = -266 + 275. What is the remainder when 132 is divided by l?
6
Suppose 2*g = -2*b - 2*b + 102, -194 = -4*g + 2*b. Let m(s) = s**3 + 9*s**2 - 9*s + 23. What is the remainder when g is divided by m(-10)?
10
What is the remainder when 74 is divided by (2/2)/(1 + 24/(-28))?
4
Suppose 0 = 3*n + 4*k - 1885, 37*n - 41*n + 4*k + 2504 = 0. What is the remainder when n is divided by 10?
7
Let n(k) = -38*k - 167. Calculate the remainder when n(-9) is divided by 82.
11
Suppose -2*w - 4*b = -6*b - 82, 4*w + 4*b = 180. Let q = 65 - w. Let a = q + -3. Calculate the remainder when a is divided by 7.
5
Let r = 166 - 124. Calculate the remainder when 113 is divided by r.
29
Suppose -123*b - 410 = -128*b. What is the remainder when b is divided by 12?
10
Suppose 11*r - 7*r + 236 = 2*p, 4*r = 5*p - 572. Calculate the remainder when p is divided by 14.
0
Let o = 16 - -17. Let q = o + -20. What is the remainder when 23 is divided by q?
10
Suppose -3*l + u - 4*u + 21 = 0, -4*u = 3*l - 18. What is the remainder when l is divided by (3 + (-9 - 3))*-1?
1
Suppose 4 = -2*a, -2*y + 5*a + 14 + 22 = 0. Suppose 2*u + 7 = 23. Suppose u*d - 3*d = 180. What is the remainder when d is divided by y?
10
Calculate the remainder when 2/10 + (-8792)/(-40) + -5 is divided by 27.
26
Let d(n) = -n**3 + 14*n**2 + 17*n - 25. Let s be d(15). Suppose -21*b = -22*b + s. Calculate the remainder when 5 is divided by b.
0
Let k = -59 + 69. Let h = k - -4. What is the remainder when 31 is divided by h?
3
Let w = -28 + -4. Let g = -5 - w. Calculate the remainder when 51 is divided by g.
24
Let h be (1 - -4) + -3 - -102. Suppose 3*b - 90 + 23 = 4*g, g = -5*b + h. Calculate the remainder when 3/12 + (-159)/(-4) is divided by b.
19
Suppose 0 = r - a - 16, -5*r + 25 = 5*a - 5. Let b(w) = -2*w**2 - w - 2. Let x be b(-3). Let h = -10 - x. What is the remainder when r is divided by h?
4
Let u = -415 - -435. Calculate the remainder when 99 is divided by u.
19
Suppose -6*y + 77 = y. What is the remainder when y is divided by 4?
3
Let m(h) = -h**2 + 8*h + 13. Let i be m(9). Suppose o + o - i = 0. Calculate the remainder when ((-39)/(-1 - o))/1 is divided by 5.
3
Let h(c) = -11*c - 2. Let r be -2 + (2/11 - 4/22). What is the remainder when 38 is divided by h(r)?
18
Suppose b + 40 = -b. Let z be -1 - (-3)/3 - b. Let x = z - -9. Calculate the remainder when x is divided by 8.
5
Let u(f) = 7*f**2 + 12*f - 25. Let l be u(-10). Suppose 1455 = 10*x + l. Calculate the remainder when x is divided by 31.
28
Suppose 90 = 3*j - 12. Let b = j + -11. Calculate the remainder when 90 is divided by b.
21
What is the remainder when (-18)/21*(-56)/6 is divided by 5?
3
Let t(y) = -y**3 + 5*y**2 + 11*y - 17. Calculate the remainder when 361 is divided by t(6).
10
Let z(c) = 2*c - 2. Let u be (-1 + 0)*1 + 5. Let q be z(u). Calculate the remainder when (-21)/(3 + (-27)/q) is divided by 5.
4
Suppose 4*z = 1 + 39. Suppose 4*t = -4*w + 3*w + 3, -20 = 5*t. Calculate the remainder when w is divided by z.
9
Suppose -60 = -3*z - 2*z. Let u = z - 8. Suppose 4*l - 19 = -3*n, 5*l = -17 - 8. Calculate the remainder when n is divided by u.
1
Suppose 3*b - 175 = -2*f - 2*b, -5*f - 5*b = -415. Calculate the remainder when 557 is divided by f.
77
Suppose 0 = -3*c + 5*c + 60. Let b be (-2772)/c + (-4)/10. Suppose b = 5*f - 198. What is the remainder when f is divided by 12?
10
Let h = 3731 + -3725. Let d = -5 + 8. Suppose 12 = c + d*c. Calculate the remainder when h is divided by c.
0
Let a = 129 - 89. Let t(n) = -n**2 + 5*n + 3. Let c be t(8). What is the remainder when a is divided by (-4)/(2*3/c)?
12
Let p(q) = q - 2. Let y be (-108)/(-15) - (-7)/(-35). Let u be p(y). Suppose 0*b + u*b = 95. What is the remainder when 74 is divided by b?
17
Let k be (-40)/100 + (-17)/(-5). Suppose -k*o + 64 = 1. Suppose -24 = -3*m - 3*w, 8 = -3*m + 4*m - 5*w. What is the remainder when o is divided by m?
5
Let m = 25 + -13. Suppose -y - m = -7*y. Suppose -y*r = r - 12. What is the remainder when 9 is divided by r?
1
Suppose -3*g = 2*g - 270. What is the remainder when g is divided by ((-76)/10)/(-1 + 6/10)?
16
Let o(x) = 3*x**2 + 7*x + 9. Let h be o(-2). Let m(s) = 9*s - 40. Calculate the remainder when m(h) is divided by 17.
6
Suppose 6*p + 43 = 37. Calculate the remainder when (-64)/p + (-4 - 1) is divided by 10.
9
Let q = -34 + 36. Suppose -a + 2*a - 4 = 0, -28 = -3*k + q*a. Calculate the remainder when 34 is divided by k.
10
Suppose 8*r - 480 = 2*r. Let d = 112 - r. Calculate the remainder when d is divided by 9.
5
What is the remainder when 93 is divided by (39/3)/(2 - 26/14)?
2
Suppose -9*t + 0*t + 18 = 0. Suppose 0*v + z = t*v - 189, -4*v - z + 387 = 0. What is the remainder when v is divided by 25?
21
Suppose 2*m - 2 = 0, 2*f - 2*m - 5 = m. Suppose -3*n + 506 = -2*t + t, 4*n - 664 = -f*t. What is the remainder when n is divided by 13?
12
Suppose -v - 8 = 2*x - 33, -5*x + 103 = 4*v. Suppose -2*n + v = -3. What is the remainder when 41 is divided by n?
11
Let o(h) = 3*h + 3. Suppose 0*y + 2*y - 1 = j, 5*y - 4 = 4*j. What is the remainder when (-8 + 0)/(2 + -4) is divided by o(y)?
1
Let f(o) = -4*o - 9. Suppose -58 = -3*m - 13. What is the remainder when f(-9) is divided by m?
12
Suppose 469 = -17*r + 1625. Let h = -10 + 28. What is the remainder when r is divided by h?
14
Let o = -587 - -618. What is the remainder when 181 is divided by o?
26
Let m(s) = -s**2 - 4*s + 1. Let f(t) = -t**2 + 2*t + 5. Let o be f(4). Let j be m(o). Let v(r) = 5*r. Calculate the remainder when v(j) is divided by 11.
9
Suppose 96*b = -0*b + 1632. What is the remainder when 71 is divided by b?
3
Calculate the remainder when ((-360)/(-63))/(2/49) is divided by 30.
20
Let j(b) = -b**2 - 13*b + 20. Let 